me?
True
Let v(a) = 2 + 0 + 2*a + 2*a - 2*a. Let y be (-2)/(-3)*3 + 2. Is v(y) a prime number?
False
Let g be 3/1*(156 - -6). Is 1 - -1 - g/(-6) prime?
True
Let r(g) be the second derivative of -g**4/12 - g**3/6 + g**2/2 - g. Let v(y) = -4*y**2 - 7*y. Let m(d) = 2*r(d) - v(d). Is m(5) a composite number?
True
Let g(x) = 291*x + 11. Is g(6) composite?
True
Let k(h) = 2*h**2 + 2*h + 2. Let v be k(3). Let w = 92 + -23. Suppose -v - w = -5*s. Is s a prime number?
True
Let h(f) = 2*f**3 - 6*f**3 - 11*f - 12 - 11*f**2 + 3*f**3 - 4*f. Is h(-10) a prime number?
False
Let b = 327 - -222. Suppose -3*z - 2*z + h = -b, 440 = 4*z - h. Is z a composite number?
False
Let d be (-6)/(1/(8/(-12))). Let g(b) = 24*b - 1. Is g(d) a prime number?
False
Let n(q) = -6 + 0 + 0*q + 3 - 9*q. Is n(-10) prime?
False
Let y be (4 + -3)*(0 + -1). Let w(s) = -337*s. Is w(y) composite?
False
Let l(f) = -32*f - 17. Let z = -10 + 1. Is l(z) a composite number?
False
Suppose -9*n = -12949 + 511. Is n composite?
True
Let x(n) = -2465*n + 232. Let i(k) = -53*k + 5. Let g(z) = -232*i(z) + 5*x(z). Let c be g(-3). Suppose 0 = 3*a - c + 24. Is a a prime number?
False
Let w(f) be the second derivative of f**5/20 + 4*f**4/3 + 3*f**3/2 - 9*f**2/2 + 8*f. Is w(-13) a composite number?
True
Let l be (-10 + 9)/(1/6). Is 98/(-3)*l/4 prime?
False
Let a = 3 + -3. Let c be (-1 - 12)*(2 + a). Is (2/(4/c))/(-1) a composite number?
False
Suppose -3*g + 374 = 2*v - 611, 0 = -4*g - 12. Is v composite?
True
Let v(g) = g + 3. Let n be v(-6). Let o be -1 - -1 - 35*n. Is o + (-2 - (1 + -1)) composite?
False
Let q(v) = -v**2 - 9*v - 5. Let b be q(-9). Is 564/(-15)*b/2 a prime number?
False
Suppose 3*j = 14 + 52. Suppose 6*w - j = 4*w. Is w a composite number?
False
Let j(n) = 184*n - 13. Is j(5) composite?
False
Suppose 0 = -4*d + 16, -2*k - 1581 = -3*k + 4*d. Is k a prime number?
True
Let z be (-15)/(-1)*(-24)/(-40). Let q = 19 - z. Suppose -4*t + 50 = q. Is t a composite number?
True
Suppose -4*c = -4*g + 17 + 35, 0 = 3*g + c - 31. Let s = g + 0. Is s prime?
True
Suppose -3*p + 900 = p. Let b = -92 + p. Is b composite?
True
Suppose -j = -4*j - 372. Let t = j + 198. Is t a composite number?
True
Suppose -440 = 3*d + 370. Suppose -1756 - 237 = -5*q + 4*s, q - s = 399. Let o = q + d. Is o a prime number?
True
Suppose 5*h = 3*h. Suppose h = 5*n - 578 + 23. Is n prime?
False
Let v = -7 + 11. Let n(i) be the first derivative of 21*i**2/2 + 5*i + 1. Is n(v) a prime number?
True
Let b = -724 + 1135. Is b prime?
False
Let r(n) = -21*n - 7. Let q be r(-8). Suppose -78 - 19 = -3*w - 2*z, -3*z = 5*w - q. Is w a prime number?
True
Let g be (0 + 3/3)*16. Let q = 75 - g. Is q composite?
False
Suppose -5*z + 3*z - 8 = 0, -4*z - 28 = 4*q. Let p be q/2 - (-1)/2. Let b(c) = -86*c + 1. Is b(p) composite?
True
Suppose -d - 3*d = 0. Suppose 0 = -5*f - 15, d*i - 180 = -2*i + 2*f. Is i prime?
False
Let i(z) = -z**3 - 9*z**2 - 12*z - 3. Let t be i(-8). Suppose 2*k - 6*k = -40. Let l = t - k. Is l a composite number?
False
Let c be -4 - (-2 + 3 + 0). Let m = -2 - c. Is m a prime number?
True
Let v(l) = l**3 - 4*l + 1. Is v(5) a composite number?
True
Let d = -22 - -445. Let p(c) = 39*c + 1. Let q be p(7). Let h = d - q. Is h prime?
True
Let y be -3 + 3 + 2 + 13. Suppose -25 = -3*h - 4*b, -4*b + 4 + y = h. Is 1068/8 - h/6 composite?
True
Let x be (-1 - -4)*(-56)/21. Is 10/x*(-208)/4 a prime number?
False
Suppose -2*s - 225 + 5 = 0. Let z = -52 - s. Is z a composite number?
True
Suppose -7*w - 148 = -11*w. Is w a prime number?
True
Suppose 5*l - 25 - 6760 = 0. Is l a composite number?
True
Let c be (-1)/3*(-27 + 0). Let y = -7 + c. Suppose 2*m + 3*h = 93, 0 = 3*m + y*h - 208 + 61. Is m composite?
True
Let r(l) = -4*l - 2. Suppose -4*w = -2*u + 6 + 10, -5*u = -2*w. Let j be r(u). Is 4/(-6) - (-118)/j prime?
True
Let m = -6 + 9. Let p(x) = 2*x**3 - 3*x**2 + x + 1. Is p(m) composite?
False
Let z(k) = 19*k**2 + 2*k - 4. Is z(-3) a composite number?
True
Suppose 4*s - s = -138. Suppose -3*j - 53 = -w - 4*w, 0 = 3*j + w + 29. Let x = j - s. Is x composite?
True
Suppose -138 = 2*m - 12. Let g = -40 - m. Is g a composite number?
False
Suppose 0 = 4*h - 0*h + 5*z - 25, 5*h - z + 5 = 0. Suppose 0 = 3*p, 4*b - p + h*p - 76 = 0. Is b prime?
True
Let u(c) = -3*c + 16. Suppose 3*t = -t - a - 49, 3*a = -3*t - 48. Is u(t) a composite number?
True
Suppose 3*l - l = 0. Suppose 15 = 3*b - l*b, 0 = 5*k - 2*b - 25. Is k a composite number?
False
Let y(s) be the second derivative of s**5/20 - s**4/3 + s**3/6 + 5*s**2/2 + s. Suppose -42 = -6*a - 18. Is y(a) prime?
False
Let r be (-4)/(1 - 3) + -4. Let x = 2 - 1. Is -11*x*(r + 1) a prime number?
True
Let o be -2 + (1 - -4) + 2. Let y be 2 + o/(15/(-6)). Suppose 21 = -y*d + 3*d. Is d composite?
False
Is (4 + (-4 - 1))/((-1)/191) composite?
False
Suppose v - 223 = 5*k, -v + 2*k - 1061 = -6*v. Is v prime?
False
Let p(d) = d**3 + 29*d**2 - 14*d - 23. Is p(-13) a prime number?
False
Suppose 4*p + 8 = -3*x, 5*p - p + 8 = -x. Suppose j = 37 - x. Is j a prime number?
True
Suppose 5*y - 30 = 2*y. Suppose 4*c - y = -2. Suppose 0 = 3*z - 2*m - 70, -c*z + 60 = -0*m + 2*m. Is z a prime number?
False
Is (-13481)/(-119) - (-2)/(-7) prime?
True
Let r(j) = -572*j**3 + j**2 + j - 1. Is r(-1) a prime number?
True
Let i(f) = -6*f**2 + 5*f**2 + 2*f**2 + 211*f**3 - 1. Is i(1) prime?
True
Suppose 10*p - 2388 = 3022. Is p a prime number?
True
Is 121 - (-7 + 3) - (-4)/2 prime?
True
Let a(v) = 162*v**2 - 1. Let m(w) = w**2 + 3*w - 5. Let n be m(-4). Is a(n) prime?
False
Let l(b) = b**2 + b + 3. Let a be l(4). Let c = -8 + a. Is c a prime number?
False
Suppose 5*x + 2*t = 1471, 0 = 2*x + t + 2*t - 595. Is x prime?
True
Suppose -8359 = -6*x + 2411. Is x a composite number?
True
Let t(l) = 22*l**2 + 3*l + 3. Suppose 3*a - 33 = -105. Let x be a/15 + 2/(-5). Is t(x) a composite number?
True
Let b = 3 - 3. Suppose 2*i + 2*v - 507 = v, b = 2*i + 4*v - 522. Is i a composite number?
False
Let w(s) = -3*s - 4. Let y be w(-4). Let f be (0 + 1)*1*y. Let o(x) = -x**2 + 7*x + 10. Is o(f) a prime number?
True
Let s(i) be the first derivative of -39*i**2/2 - 4*i + 1. Is s(-3) a prime number?
True
Let f = -52 - -94. Let t be (-1)/2 - 35/(-2). Let w = f + t. Is w composite?
False
Let b(j) = 10*j**3 + 7*j**2 + 3*j + 7. Is b(6) composite?
False
Suppose 2*x - z = 41, 5*x = -3*z + 47 + 83. Suppose -x + 97 = 2*c. Is c prime?
True
Let y(t) = -t - 122. Let n be y(0). Let o = -43 - n. Is o a composite number?
False
Let j = 313 - -166. Is j prime?
True
Let i = -28 + 42. Is (-4)/i + (-13195)/(-49) a composite number?
False
Let d be -2 - 5/((-10)/4). Suppose -3*u + 2*r = -11, -4*u + 3*r = -d*u - 15. Is u prime?
True
Let y(m) be the first derivative of 4*m**3/3 + m**2 - m + 1. Is y(-5) composite?
False
Suppose -4*g = -g - 5*w + 69, -4*g + 3*w = 81. Let b = g + 11. Is (b/(-2))/(2/8) composite?
True
Let s = 3 - -2. Let c = -13 + s. Let m(k) = -3*k - 5. Is m(c) composite?
False
Let v(b) = -b**2 + 3*b + 3. Let o be v(3). Suppose -c - 2*q - 3 = o*q, -8 = -3*c + 2*q. Is 13 - (c + 1 + -1) prime?
True
Let y(c) = c**2 - c - 1. Let i(d) = -7*d**2 + 9*d + 13. Let r(s) = -i(s) - 5*y(s). Let p be r(-6). Suppose 7*x - p = 3*x. Is x composite?
True
Suppose j = 5*q - 4351, -4*q - 2*j = -4*j - 3476. Is q a composite number?
True
Let b(j) be the second derivative of 0*j**3 + 1/3*j**4 + 0 + 1/20*j**5 - 1/2*j**2 - 2*j. Is b(-2) prime?
True
Suppose 5*c = 0, 0*w = 4*w + 4*c - 12. Suppose 3*p - 4*p + 18 = -3*s, 0 = w*p - 2*s - 61. Is (-2 + -10)*p/(-12) composite?
True
Suppose 13*r = 7*r + 20154. Is r a composite number?
False
Let b(l) = 6*l**2 - 5*l + 1. Let z(y) = 7*y**2 - 6*y + 1. Let h(k) = 3*b(k) - 2*z(k). Is h(10) prime?
False
Suppose -z = 4*s + 4*z + 17, z = -1. Is (372/(-16))/(s/8) a composite number?
True
Let w(b) = b**3 - b**2 + b + 1. Let y be w(0). Let d be 104*y/4*2. Suppose 0*l = -2*l + d. Is l prime?
False
Let w be 0 - 2/4*-14. Suppose -7 = -4*b - 71. Let l = w - b. Is l composite?
False
Suppose -3*o + 0*o = -4*v - 362, -4*v + 228 = 2*o. Let m be -1 - -1 - (-2 + o). Let h = m - -163. Is h a prime number?
True
Is (-7)/((-3)/1227*(-6 + 7)) a prime number?
False
Suppose 0 = -2*k - 3*k + 395. Is k a composite number?
False
Let a be ((-20)/6)/((-2)/36). Let s = a + -23